1086 is divided by 207?
51
What is the remainder when 463 is divided by 53?
39
What is the remainder when 108137 is divided by 67?
66
Calculate the remainder when 12153 is divided by 118.
117
What is the remainder when 123468 is divided by 361?
6
What is the remainder when 235300 is divided by 78?
52
Calculate the remainder when 8680 is divided by 8673.
7
Calculate the remainder when 453 is divided by 76.
73
Calculate the remainder when 96867 is divided by 92.
83
What is the remainder when 31103 is divided by 44?
39
Calculate the remainder when 3145319 is divided by 5.
4
What is the remainder when 4971 is divided by 61?
30
Calculate the remainder when 137046 is divided by 278.
270
What is the remainder when 932739 is divided by 46?
43
Calculate the remainder when 2324852 is divided by 1234.
1230
Calculate the remainder when 3790 is divided by 377.
20
Calculate the remainder when 5197 is divided by 1721.
34
What is the remainder when 1686 is divided by 22?
14
Calculate the remainder when 5441 is divided by 1638.
527
What is the remainder when 51286 is divided by 83?
75
What is the remainder when 27793 is divided by 842?
7
What is the remainder when 5476 is divided by 83?
81
Calculate the remainder when 49348 is divided by 2055.
28
Calculate the remainder when 762 is divided by 761.
1
Calculate the remainder when 26070 is divided by 257.
113
What is the remainder when 549 is divided by 13?
3
Calculate the remainder when 4735 is divided by 4731.
4
Calculate the remainder when 18797 is divided by 9396.
5
What is the remainder when 14623 is divided by 325?
323
Calculate the remainder when 480087 is divided by 44.
3
What is the remainder when 5917 is divided by 79?
71
Calculate the remainder when 10702 is divided by 119.
111
Calculate the remainder when 10822 is divided by 328.
326
What is the remainder when 133622 is divided by 541?
536
Calculate the remainder when 24257 is divided by 806.
77
What is the remainder when 1594402 is divided by 189?
187
What is the remainder when 59969 is divided by 8?
1
Calculate the remainder when 27753 is divided by 235.
23
What is the remainder when 17476 is divided by 426?
10
What is the remainder when 5612 is divided by 65?
22
Calculate the remainder when 44 is divided by 13.
5
Calculate the remainder when 25909 is divided by 79.
76
Calculate the remainder when 1285935 is divided by 59.
30
What is the remainder when 23724 is divided by 279?
9
What is the remainder when 105639 is divided by 2779?
37
Calculate the remainder when 647303 is divided by 5.
3
What is the remainder when 3231 is divided by 82?
33
What is the remainder when 161217 is divided by 53732?
21
Calculate the remainder when 9395 is divided by 722.
9
What is the remainder when 175554 is divided by 417?
414
Calculate the remainder when 17655 is divided by 99.
33
Calculate the remainder when 5010 is divided by 191.
44
What is the remainder when 1870616 is divided by 619?
617
What is the remainder when 163605 is divided by 1278?
21
What is the remainder when 5955 is divided by 257?
44
What is the remainder when 160927 is divided by 10?
7
What is the remainder when 730964 is divided by 730964?
0
What is the remainder when 3027 is divided by 1004?
15
Calculate the remainder when 3764 is divided by 1230.
74
What is the remainder when 155293 is divided by 51764?
1
What is the remainder when 4508 is divided by 223?
48
Calculate the remainder when 216730 is divided by 19.
16
What is the remainder when 10306 is divided by 11?
10
What is the remainder when 56432 is divided by 8040?
152
What is the remainder when 674410 is divided by 12?
10
What is the remainder when 60028 is divided by 20007?
7
What is the remainder when 637 is divided by 84?
49
What is the remainder when 18497 is divided by 2048?
65
What is the remainder when 8383 is divided by 16?
15
Calculate the remainder when 51543 is divided by 142.
139
Calculate the remainder when 1449310 is divided by 535.
530
Calculate the remainder when 1816 is divided by 1197.
619
Calculate the remainder when 24013 is divided by 5951.
209
Calculate the remainder when 407 is divided by 131.
14
Calculate the remainder when 947 is divided by 133.
16
What is the remainder when 722044 is divided by 175?
169
What is the remainder when 8379446 is divided by 150?
146
What is the remainder when 1178989 is divided by 16?
13
What is the remainder when 1936 is divided by 590?
166
Calculate the remainder when 32073 is divided by 14.
13
Calculate the remainder when 59463 is divided by 53.
50
Calculate the remainder when 3186 is divided by 18.
0
What is the remainder when 1935 is divided by 98?
73
Calculate the remainder when 595 is divided by 573.
22
What is the remainder when 9879 is divided by 98?
79
What is the remainder when 69611 is divided by 1880?
51
Calculate the remainder when 245047 is divided by 158.
147
What is the remainder when 2992895 is divided by 23?
20
Calculate the remainder when 4184 is divided by 58.
8
Calculate the remainder when 23889 is divided by 362.
359
What is the remainder when 2398 is divided by 348?
310
What is the remainder when 94655 is divided by 116?
115
Calculate the remainder when 1898 is divided by 19.
17
Calculate the remainder when 10848 is divided by 90.
48
What is the remainder when 28979 is divided by 536?
35
Calculate the remainder when 18179 is divided by 30.
29
Calculate the remainder when 38835 is divided by 9705.
15
What is the remainder when 28707 is divided by 9?
6
What is the remainder when 12043 is divided by 2943?
271
Calculate the remainder when 83 is divided by 47.
36
Calculate the remainder when 1487 is divided by 260.
187
What is the remainder when 7864 is divided by 34?
10
What is the remainder when 3124 is divided by 1032?
28
What is the remainder when 1290 is divided by 339?
273
Calculate the remainder when 1397 is divided by 35.
32
Calculate the remainder when 477635 is divided by 2.
1
What is the remainder when 24428 is divided by 26?
14
Calculate the remainder when 2030 is divided by 945.
140
What is the remainder when 1696 is divided by 283?
281
Calculate the remainder when 2933 is divided by 492.
473
Calculate the remainder when 7618 is divided by 3807.
4
What is the remainder when 20770 is divided by 221?
217
Calculate the remainder when 79523 is divided by 182.
171
What is the remainder when 266 is divided by 198?
68
What is the remainder when 289813 is divided by 81?
76
Calculate the remainder when 337149 is divided by 285.
279
Calculate the remainder when 11227 is divided by 536.
507
What is the remainder when 112121 is divided by 2076?
17
Calculate the remainder when 170827 is divided by 292.
7
Calculate the remainder when 57773 is divided by 100.
73
Calculate the remainder when 12057 is divided by 154.
45
What is the remainder when 7752 is divided by 48?
24
What is the remainder when 7379 is divided by 107?
103
What is the remainder when 150519 is divided by 161?
145
Calculate the remainder when 186632 is divided by 600.
32
What is the remainder when 10119 is divided by 163?
13
What is the remainder when 150416 is divided by 75194?
28
Calculate the remainder when 83998 is divided by 165.
13
What is the remainder when 9585 is divided by 320?
305
Calculate the remainder when 20747 is divided by 1298.
1277
What is the remainder when 40829 is divided by 121?
52
Calculate the remainder when 34912 is divided by 40.
32
What is the remainder when 8216 is divided by 11?
10
What is the remainder when 5801 is divided by 1929?
14
What is the remainder when 1331 is divided by 442?
5
Calculate the remainder when 29907 is divided by 461.
403
What is the remainder when 45949 is divided by 159?
157
Calculate the remainder when 5158 is divided by 385.
153
What is the remainder when 4324 is divided by 4116?
208
Calculate the remainder when 235861 is divided by 151.
150
Calculate the remainder when 198387 is divided by 518.
511
Calculate the remainder when 54478 is divided by 27.
19
Calculate the remainder when 4230 is divided by 1399.
33
Calculate the remainder when 80178 is divided by 4.
2
What is the remainder when 5412014 is divided by 13?
10
Calculate the remainder when 11334 is divided by 568.
542
Calculate the remainder when 128394 is divided by 305.
294
Calculate th